(-1). Suppose 4*o - v*o + 76 = 0. Calculate the remainder when 94 is divided by o.
18
Suppose 5*f + 475 = -2*q - 3*q, f - q + 95 = 0. Calculate the remainder when 19/f + 132/10 is divided by 4.
1
Calculate the remainder when 16 is divided by 4 - (154/(-16) - 3/8).
2
Let g(n) = 2*n - 8. Let c(w) = 5*w + 4*w - 23 - 3*w. Let i(k) = -3*c(k) + 8*g(k). What is the remainder when 49 is divided by i(-6)?
15
Let c = 14 - 33. Let v = c - -32. Calculate the remainder when 75 is divided by v.
10
Suppose 0 = -7*p - 12*p + 3173. Calculate the remainder when p is divided by 50.
17
Suppose -3*n + 24*n = 9849. What is the remainder when n is divided by 118?
115
Let g be (-6)/(-2)*(-64)/(-12). Suppose -8 - 34 = -7*w. Let k = g + w. Calculate the remainder when 86 is divided by k.
20
Let r be 1*(2 - 22) + 2. Let x = r + 20. Let l = x + 41. What is the remainder when l is divided by 16?
11
What is the remainder when (-20)/(3/24*-1) is divided by 18?
16
Suppose 4*b - 208 = -48*b. What is the remainder when 11 is divided by b?
3
Let x(j) = j**3 - 17*j**2 + 20*j - 54. Let v be x(16). Let g be 24/(-8)*(-4)/6. Let p = v + g. Calculate the remainder when 45 is divided by p.
9
Suppose -2*r - y = 2*r - 231, 0 = 3*r + 5*y - 186. Calculate the remainder when 112 is divided by r.
55
Let j = 10444 + -10430. What is the remainder when (526/8 - 0)*4 is divided by j?
11
Let l(q) = q - 1. Let f be 1*(8/(-40) - (-2)/10). Suppose -5*m - 12 + 27 = f. Calculate the remainder when m is divided by l(3).
1
Let s(o) = -2*o**2 + 7*o. Let l(p) = p - 3. Let x be l(6). What is the remainder when s(x) is divided by 3?
0
Let b(c) = 465*c**2 + 21*c - 23. Calculate the remainder when b(1) is divided by 154.
1
Let u(z) = z**3 + 7*z**2 - 6*z + 10. Calculate the remainder when u(-5) is divided by 4/18*-24*-3.
10
Suppose -20*f = -17*f - 27. Let d = f - 8. Suppose 203 = 4*a - 5*t - 32, -t = -d. Calculate the remainder when a is divided by 31.
29
Let y be 3 + ((-2)/2 - 2) + 69. Suppose -3*p - y = -6*p. Calculate the remainder when 89 is divided by p.
20
Let g(i) = i - 9 + 13 + 19. Let h be g(-16). Suppose 0 = -r - 4*q - 1, -3*r + 4*q + h = -2*r. What is the remainder when 7 is divided by r?
1
Suppose 0 = -3*b - 2*b + 15. Suppose -2*n = -0*o - 5*o - 204, 0 = b*n - 5*o - 301. What is the remainder when n is divided by 20?
17
Let j(t) = t - 8. Let g be j(6). Let i be ((-5)/g)/(5/10). Suppose -i*y - 205 = -5*o, 0*o + 3*y = 5*o - 197. Calculate the remainder when o is divided by 19.
18
Let m(s) = 40*s - 1 - 3*s**2 + 46*s**3 - 38*s + 2. What is the remainder when m(1) is divided by 10?
6
Let i = -161 + 174. Let g = 29 - 19. What is the remainder when i is divided by g?
3
Let v = 267 - 169. Calculate the remainder when v is divided by 12.
2
Let p = 7 - 5. Let c be (-43)/p*(-8 - -6). Suppose f - 5*w = 25, -f = -2*w - c + 12. Calculate the remainder when f is divided by 18.
17
Let y = 62 + -40. Let j = y - 15. What is the remainder when 11 is divided by j?
4
Let b(j) = -j**3 - 33*j**2 + 72*j + 73. Let m be (-141)/(-21) - (-4)/14. Let p(l) = -l**2 + 7*l + 4. What is the remainder when p(m) is divided by b(-35)?
1
Let l(q) = q**3 - q**2 + 4*q - 5. Let c(o) = -o + 5. Let g be c(-5). What is the remainder when l(3) is divided by g - (-3 + 7)*-1?
11
Suppose -14*v = -10*v - 20. Suppose -2 = h - 5, 5*h + 225 = v*b. What is the remainder when b is divided by 26?
22
Let k = 8 + -1. Let b(w) = 5*w**2 - 3 - 3*w + 3*w**2 - 4 - w**3 + 0*w**3. Calculate the remainder when 40 is divided by b(k).
19
Let j = 361 - 322. Suppose -3*n - 5*q + 41 = -7*n, 3*n + 4*q + 23 = 0. Calculate the remainder when j - n/((-27)/(-12)) is divided by 16.
11
What is the remainder when (15 - 7)/(-8)*-205 is divided by 71?
63
Suppose 3 = -5*b - 12. What is the remainder when 1 + 3 + b - -88 is divided by 3/(-3) + (23 + 1)/1?
20
Let r = -1131 + 1338. What is the remainder when r is divided by 52?
51
Let t(r) = r + 71. What is the remainder when 214 is divided by t(-14)?
43
Suppose 3*t = -2*g - 117, 0*g = -5*t - g - 202. Let y = t + 146. What is the remainder when y is divided by 53?
52
Suppose 0 = -4*n - 1155 + 2831. Calculate the remainder when n is divided by 15.
14
Suppose 8*v - 13*v + 8144 = -k, -3*v + 5*k = -4904. Calculate the remainder when v is divided by 96.
92
Suppose -s = -3*s + 4, 0 = -5*p + 3*s - 36. Let u(n) = n**2 + 5*n + 6. Calculate the remainder when (11 - 9) + 21*1 is divided by u(p).
11
What is the remainder when 160/6 + 7/(16 + 5) is divided by 10?
7
Let h be ((-16)/(-10))/((-6)/(-45)). Suppose 5*l + 2*g + 3 = 9, 2*l - 4*g - h = 0. Calculate the remainder when 42 is divided by (l + -4)*33/(-6).
9
Let m(z) = -z**3 - 6*z**2 + 10*z + 58. Calculate the remainder when 316 is divided by m(-8).
104
Suppose 0 = 4*l + l + 20. Let p(o) = -70*o**2 + 139*o**2 - 68*o**2 - o**3 + 3 - o. Calculate the remainder when p(l) is divided by 30.
27
Let q(k) = -39*k + 1. Let p = -1014 + 1020. What is the remainder when q(-1) is divided by p?
4
Calculate the remainder when 251 is divided by (0 - -24)*(1 + (-8)/16).
11
Let z be ((-96)/36)/((-2)/3). Let u be ((-13)/(-4) - 2)*z. Suppose -u*c - 80 = -245. Calculate the remainder when c is divided by 9.
6
Suppose -3*k + 18 = -3*c + 6*c, 0 = 5*c + k - 26. Suppose 3*q = -q + c*g + 33, -5*q - g = -63. What is the remainder when q is divided by (40/12 + -5)/(3/(-9))?
2
Let i(a) = -3*a + 3. Let l be i(-9). Let u = 42 - l. Suppose 3*t + 10 = 25. What is the remainder when u is divided by t?
2
What is the remainder when 28/6*(-168)/(-16) is divided by ((-15)/2)/((-25)/(-20) + -2)?
9
Suppose -25*o - 3*x + 6374 = -20*o, 2*o - 3*x = 2558. What is the remainder when o is divided by 16?
12
Suppose -4*a = -3*d - 219, -225 = -a - 4*a - 6*d. What is the remainder when a is divided by 14?
9
Suppose 4*z + 19 = -13. Let r = 159 - 165. Let h = r - z. What is the remainder when h is divided by 1?
0
Let v = 144 - 65. Calculate the remainder when 235 is divided by v.
77
Let m(l) = -l**3 - l**2 + l + 18. Suppose -354*b = i - 350*b - 30, -100 = -3*i - 2*b. Calculate the remainder when i is divided by m(0).
16
What is the remainder when 17/((-102)/(-1164)) + -8 is divided by 69?
48
Suppose -22*m + 464 = -14*m. Calculate the remainder when 226 is divided by m.
52
Let d(v) = v. Let f be d(2). Let z be f - 2 - (-5 + 3). Calculate the remainder when 49 is divided by 10/(z/(2/1)).
9
Let a(b) = b**2 - b - 5. Let z be a(8). Let n = z - 27. What is the remainder when 68 is divided by n?
20
Suppose -3*v = -6 - 6. What is the remainder when 3 is divided by (v/(-10))/((-10)/75*3)?
0
Let m = 117 + -13. Calculate the remainder when m is divided by 15.
14
What is the remainder when 857 is divided by 23 - (-6 - 102/(-18))*9?
25
Suppose 3223 = -8*v + 19*v. What is the remainder when v is divided by 42?
41
Suppose -5*c - 20 = 0, 4*r + 3*c = -0*r. Let q be (0 - 1)/((-1)/(-13)). Let d = q - -22. What is the remainder when d is divided by r?
0
Suppose -p - 62*y + 31 = -65*y, 4*p - 2*y - 124 = 0. What is the remainder when 586 is divided by p?
28
Let y be 3/(-12) - 29/(-4). Let l(w) = 6*w + 5. What is the remainder when l(y) is divided by 8?
7
Suppose 0 = 8*l - 39 - 57. Let h(s) = 3*s + 9. What is the remainder when 131 is divided by h(l)?
41
Let v = 216 + -125. Let o(t) = 5 - 4 + 22 - 3*t. What is the remainder when v is divided by o(0)?
22
Let r = -37 - -90. Calculate the remainder when r is divided by (-90)/(-8) - (-6)/(-24).
9
Let p = -12 + 14. Suppose 98 = 4*s + p*m, 2*m = -2*s + 57 - 9. Let c(b) = -b**3 + 11*b**2 + 13*b - 3. What is the remainder when s is divided by c(12)?
7
Let w(b) = 5*b + 1. Let k = 4 + -39. Let r = k + 49. Calculate the remainder when w(5) is divided by r.
12
Let v(b) be the first derivative of 2*b**3/3 - 5*b**2 + 15*b - 22. Calculate the remainder when v(7) is divided by (1/1)/((-3)/(-69)).
20
Let d = -137 - -142. Calculate the remainder when 24 is divided by d.
4
Let y = 60 - 54. Calculate the remainder when 26 is divided by y - (7 + -3 + -2).
2
Suppose -10*y = -3222 - 968. Calculate the remainder when y is divided by 14.
13
Suppose 18*t - 244 = -28. Suppose -2*x = -4*x - 2. Let s = x + t. What is the remainder when 41 is divided by s?
8
Let n = -1 - -23. Calculate the remainder when 20/14 + (-7657)/(-133) is divided